2. Let o = t - -179. Is o composite?
False
Suppose 21 = k - 103. Let z(x) = -x + 1. Let i be z(1). Suppose d + 31 - k = i. Is d prime?
False
Let m(g) = 38*g**2 - 7*g - 8. Suppose -52*s = -55*s + 15. Is m(s) a prime number?
True
Let l(f) = -1010*f - 10. Let z be l(-12). Suppose -9*s + 19*s = z. Is s a composite number?
True
Let z be (2/2)/(4/4). Let r be (0 - 0)/z*1. Suppose i - 152 = -3*i + 3*v, v + 4 = r. Is i composite?
True
Suppose -3*z - a = -962, 0*a - a - 643 = -2*z. Let j = z - 108. Is j prime?
False
Let r = 17 - 12. Suppose 0 = 2*c - 5*b + 20, -r*c - b = -0*b - 4. Is 1*(1214 - (3 - c)) prime?
False
Suppose -5*c + 5840 = -c. Suppose c = 3*k - 229. Is k prime?
True
Suppose 17*c = 27*c - 90290. Is c a composite number?
False
Suppose q = 3*q - 10. Let v be 1/(11/q - 2). Suppose 3*o + 154 = v*o - 5*h, 5*h = 4*o - 308. Is o a prime number?
False
Let l be (9/(-15) + -1)/(14/(-35)). Is l + (-37224)/(-20) - (-2)/(-10) a prime number?
False
Let w be 28*(-5)/((-30)/411). Suppose 0 = -4*t - 3*t + w. Is t prime?
False
Suppose -2*y = 3*c - 72 - 9, 0 = -3*y - 4*c + 123. Let p = 110 - y. Suppose 5*w + p = 450. Is w a prime number?
False
Is (-35633)/104*(-3 - 5) prime?
True
Let j(c) = 3*c**3 + c**2 + c + 1. Let t be j(-3). Let w = t + 45. Is -12*w*(-3)/(-12) a composite number?
True
Suppose 62 = 2*w - 74. Let y = 225 - w. Is y prime?
True
Let o = -4 + 0. Let p = o - -8. Suppose p*f - 4*i = 12, 9 = 2*f - 0*i - i. Is f a composite number?
True
Let w(z) = -z**2 + z + 419. Let v = 26 + -36. Let p = -10 - v. Is w(p) a composite number?
False
Suppose -6744*k + 123949 = -6743*k. Is k a prime number?
False
Let c(s) be the first derivative of -s**2/2 - 5*s + 2. Let u be c(-7). Suppose 0 = 5*m + y - 543, -323 = -2*m - m - u*y. Is m prime?
True
Is 85999 + -9 + (-5 - (-1 + 3)) a prime number?
False
Let k(h) = -h**3 - 5*h**2 + 12*h + 3. Let v(y) = 5*y + 2. Let c be v(-2). Let a be k(c). Let z = -50 + a. Is z prime?
False
Let d(o) = 501*o**2 + 5*o + 1. Is d(-6) composite?
True
Suppose 4*r - 14242 = -4*h - r, 4*h = r + 14254. Is h prime?
False
Suppose -24*v + 145278 = 27510. Is v a prime number?
False
Let w = 40 + -35. Suppose v + 1163 = 2*h, 0*h = -w*h + v + 2912. Is h a prime number?
False
Suppose 0 = 5*g - 374046 - 146119. Is g a composite number?
False
Suppose -2*d - 24 = -4*y, d = -y - 3*y + 12. Suppose y*z = 8*z - 3436. Is z composite?
False
Suppose 3*a + 3 = 249. Suppose 3*p + 2*p = -o + 67, 4*o + a = 5*p. Suppose 2*s + p = 4*s. Is s a prime number?
True
Let f(i) = 1387*i**3 - i**2 + 2*i - 2. Let x be f(1). Let k = 2393 + x. Is k a composite number?
False
Suppose -4*b + 4998 = -5*d, -4*d = 2*b - 6*d - 2498. Is b a prime number?
False
Let n = -39 - -78. Suppose 9*c - 6*c - n = 0. Let i = 300 - c. Is i a composite number?
True
Suppose 301*n - 312*n + 225731 = 0. Is n composite?
False
Let f(h) = 2*h**2 + 9*h**2 + 2 + 0 - 2*h. Suppose 0 = -2*r - 3 + 9. Is f(r) prime?
False
Suppose -5*j = 2104 - 404. Let w = j - -686. Is w a prime number?
False
Let w = -9 + -8. Let c = w - -37. Suppose -3*n + 102 = -4*a + 3*a, n - 5*a = c. Is n prime?
False
Let o(s) = 5*s**2 - 47*s + 45. Is o(-19) a composite number?
True
Suppose -5*t - 8412 = -2*c, -14*t = -9*t - 10. Is c prime?
True
Let a be (0/(10/(-5)))/(0 - -2). Suppose -3*c - 3*d + 2425 - 175 = a, d = 4*c - 3005. Is c composite?
False
Let n(k) = -4*k**3 + 0*k**2 + 1 - 2 + k**2 - 3*k**2. Is n(-4) composite?
False
Suppose 4*h + w - 2587 = 11342, 3506 = h + 5*w. Is h prime?
False
Is 14520 - 5 - (9 - 7) a composite number?
True
Suppose 4*z + 6 = -14, -3*z = -3*b + 122232. Is b a prime number?
True
Is (-9 + -4003)*2/(-8) a prime number?
False
Let x(f) = -2*f + 1. Let j be x(-2). Suppose -12 = 2*s - j*s. Suppose s*d - 45 = 55. Is d a composite number?
True
Suppose 12*s - 1306 = 4010. Is s prime?
True
Suppose 0*d + 10 = -2*d, d = -5*f + 15. Let p(t) = 67*t**2 - 6*t + 9. Is p(f) composite?
True
Is 4*2/(-44) + 8179031/77 a prime number?
False
Let d(g) be the second derivative of -g**3/6 + 5*g**2/2 - g. Let l be d(6). Is 1266/2*l/(-3) a prime number?
True
Let i(n) = -5*n - 1. Let y be i(1). Let l(u) = -66*u - 6. Let v be l(y). Suppose -v = -5*r + w, 0*r - w = 4*r - 303. Is r a prime number?
False
Let z(l) = -3*l + 14. Suppose 0 = 4*y + 3*y - 42. Let m be z(y). Is -10*58*1/m composite?
True
Let i = -4 + 19. Suppose 19*c - 844 = i*c. Is c composite?
False
Let m(f) = -10*f + 0*f + 6*f**2 - 7 + 9*f**3 + 6*f. Is m(6) composite?
False
Let x be (-45 + -1)/((-10)/(-5)). Let l = -18 - x. Let m(r) = 2*r**3 - r**2 - 3*r - 11. Is m(l) a prime number?
True
Let u = -4 - -10. Suppose m = 550 - u. Let t = m - -243. Is t composite?
False
Suppose 22*u + 94098 = 28*u. Is u a prime number?
True
Suppose 5*j + 14760 = 41130. Suppose 7*n - 14473 = j. Suppose 0*l - l - 3*d = -700, -5*d = 4*l - n. Is l composite?
False
Let j = 8367 + -4754. Is j a prime number?
True
Let b = -15285 + 34296. Is b a composite number?
True
Let h = 447 + 163. Suppose h = 2*k + 2*a, 4*k + 2*a = 6*a + 1236. Is k a composite number?
False
Let f(m) = -374*m + 3. Let b(o) = -2*o**2 - o. Let t be b(-1). Is f(t) a prime number?
False
Let p(c) = -192*c + 134. Is p(-21) prime?
False
Let f(q) = q**2 + q + 4. Let u be f(-2). Let i = u + -7. Is 149 + -5 + (0 - i) a prime number?
False
Suppose -2*x + 12 = 2*x. Let k(t) = 5*t**3 + t**2 + 18*t - 12. Let z(v) = 2*v**3 + 6*v - 4. Let o(s) = x*k(s) - 8*z(s). Is o(4) prime?
False
Suppose -3*q - 2*q - 25 = 0, 2*n + 865 = 5*q. Let p = -258 - n. Is p a composite number?
True
Let c(g) = 2*g**2 - 10*g + 18. Let k be c(20). Suppose n = 2*n - j - 303, 4*j = -2*n + k. Is n a composite number?
True
Is (2 - -5) + (-37664)/(-16) prime?
False
Let k = -46007 - -77926. Is k prime?
False
Let t be 14*((-23)/(-7) - 3). Suppose 3 = m, 24 = -t*d - 4*m + 168. Is d composite?
True
Suppose p - 2*x - 2*x = 25, -3*p + 4*x = -43. Let a(t) = 221*t - 6. Let d be a(p). Let f = -998 + d. Is f prime?
False
Suppose -6*m - 2447 = -10115. Let l = -73 + m. Is l a prime number?
False
Let l be (-1)/((-26)/4) - 249676/(-182). Suppose m = -5*c + 3442, -m + l = 2*c + m. Is c a composite number?
True
Suppose 10*w + 66603 - 170783 = 0. Is w a prime number?
False
Suppose t = -3*g + 30581, 2*g - 2*t - 20406 = 2*t. Is g a prime number?
False
Suppose 0 = -3*i - 6, -5*v = -9*i + 4*i - 21195. Is v composite?
True
Suppose 815*b - 820*b + 60035 = 0. Is b a composite number?
False
Let k be 35/(-15)*(-6)/2. Is (41/2)/(k/70) composite?
True
Is (19 - 16)*(-28839)/(-9) a prime number?
True
Let l = 278 + 98. Suppose -c + l + 31 = 0. Is c prime?
False
Let w(o) = -o + 10. Let j be w(12). Is (j/(-3))/2 - 12720/(-72) a prime number?
False
Let l = 11 + -11. Suppose -3*k + l*k - 24 = 0. Let v(p) = 5*p**2 + 8*p - 9. Is v(k) prime?
False
Let x be 6 + (-2)/2 - -1. Let m be (19352/16 + 3)*2. Suppose x*t - t = m. Is t prime?
False
Let h(n) = 137*n - 39. Is h(8) a composite number?
True
Let c be (-32)/40 - (-28)/10. Let s be (206/(-2))/((-1)/c). Suppose 5*j - s = -2*f + 743, 3*f + 964 = 5*j. Is j composite?
False
Suppose -b = -5*b + 656. Suppose -o + 3*q = -298 - b, 4*o = 3*q + 1812. Let a = o - 301. Is a a prime number?
True
Let v(z) be the third derivative of -41*z**4/24 - 19*z**3/6 + 12*z**2. Let g(o) = -40*o - 19. Let q(b) = 6*g(b) - 7*v(b). Is q(8) a composite number?
True
Let v(b) = b**3 + 3*b**2 + 6*b - 17. Let a be v(6). Let d = 546 - a. Is d a prime number?
False
Let v be (-4)/(-10) - (-984)/40. Suppose 3*g + 2*g - 125 = 2*l, 2*l + v = g. Is g a prime number?
False
Let w be (-8)/4*(-10)/4. Let d be 2/5 + 8/w. Is (d - 5) + 50/5 prime?
True
Let f(w) = -3*w - 3. Let i be f(-2). Suppose -4*l = -i*v - 1951, 962 = 4*l - 5*v - 991. Is l composite?
False
Suppose -5*m - 12414 = -g, -20 = 2*m - 6*m. Is g a composite number?
True
Suppose 7 + 13 = -5*d. Let s be (-19)/d + (-12)/16. Is s/1*186/24 a composite number?
False
Suppose -2*f = o - 1, 5*o - 1 = -4*f - 14. Suppose f*p + 8*p = 29942. Is p prime?
False
Suppose 2*y - 2*b = -167 + 1097, -3*b - 1864 = -4*y. Let t = 809 - y. Suppose 0 = z - 5*z + t. Is z composite?
True
Let d(j) = j**3 - 6*j**2 + 9*j + 4. Let n be d(4). Let i = n + -2. Is ((-1004)/i)/(16/(-24)) a composite number?
False
Let g(q) = -4*q + 77. Suppose -11 - 4 = 3*y. Let k(f) = 4*f - 77. Let d(b) = 